).
175
Let u(k) = 2*k**2 - 3*k - 529. Calculate u(17).
-2
Let k(s) = 5*s**3 + 49*s**2 - 12*s - 40. Give k(-10).
-20
Let u(a) = 2*a + 39. Determine u(-30).
-21
Let w(j) = -2*j**3 + 578*j**2 + 582*j - 586. Determine w(290).
-6
Let z(k) = -16*k**2 - 9*k + 3. Calculate z(-5).
-352
Let k(x) = 14*x - 1087. What is k(73)?
-65
Let j(v) = -v**3 + 30*v**2 - 65*v - 82. Calculate j(28).
-334
Let q(j) = -99*j - 1089. Determine q(-11).
0
Let i(x) = 39*x + 212. What is i(-7)?
-61
Let w(m) = m**3 - 25*m**2 + 135*m + 12. Determine w(17).
-5
Let i(p) = p**3 - 13*p**2 + 13*p + 1. Calculate i(4).
-91
Let r(f) = 20*f - 1288. Calculate r(66).
32
Let j(k) = 8*k**2 + k - 55. Give j(-4).
69
Let j(f) = -f**3 + 3*f**2 - 35*f + 29. Determine j(4).
-127
Let v(d) = 5*d**2 + 22*d - 2. Calculate v(-11).
361
Let r(b) = b**2 + 15792*b - 110598. What is r(7)?
-5
Let a(o) = -7*o**2 - 835*o - 3441. Determine a(-115).
9
Let r(o) = -2*o**2 + 14*o + 252. Determine r(-7).
56
Let b(g) = -21*g**2 - 38*g - 9. What is b(-3)?
-84
Let q(u) = 959*u - 15348. What is q(16)?
-4
Let d(x) = 173*x + 2433. Calculate d(-14).
11
Let w(k) = -23*k + 587. Determine w(25).
12
Let a(r) = -45*r**2 - 460*r - 101. Give a(-10).
-1
Let f(t) = -3*t**2 + 46*t + 191. What is f(-6)?
-193
Let f(i) = i**2 - 12*i - 37. Give f(-4).
27
Let k(i) = 402*i + 65924. Give k(-164).
-4
Let m(q) = 4*q**2 + 87*q + 85. Give m(-27).
652
Let w(u) = u**3 - 49*u**2 + 99*u - 249. Give w(47).
-14
Let c(a) = -a**2 - a + 170. Calculate c(17).
-136
Let v(k) = 3*k**3 + 36*k**2 - 5*k - 48. Calculate v(-12).
12
Let n(t) = 3151*t + 12513. Calculate n(-4).
-91
Let i(n) = -n**3 - 321*n**2 - 4003*n - 9. Give i(-13).
-22
Let a(r) = -73*r**2 - 45*r - 1. Determine a(1).
-119
Let b(f) = -f**2 + 19*f + 4072. Give b(-55).
2
Let n(l) = -2*l**3 - 23*l**2 - 7*l + 153. Determine n(-11).
109
Let k(o) = 4*o**3 - 3*o**2 + 5*o - 5. What is k(3)?
91
Let d(x) = -x + 927. Give d(16).
911
Let z(f) = -14*f**2 - 30*f - 9. Determine z(-3).
-45
Let p(i) = 10*i**3 - 722*i**2 + 144*i - 8. What is p(72)?
-8
Let z(f) = -2*f**3 + 66*f**2 - 5*f + 119. Calculate z(33).
-46
Let i(w) = w**2 - 76*w - 577. Give i(83).
4
Let q(s) = -2626*s + 7907. Give q(3).
29
Let q(s) = -140*s**2 + 5*s + 3. Calculate q(2).
-547
Let v(k) = 30*k - 1654. Calculate v(55).
-4
Let z(b) = -1290*b - 13004. Give z(-10).
-104
Let y(q) = -q**2 + q + 77. What is y(-7)?
21
Let v(k) = k**3 + 57*k**2 + 2*k + 150. What is v(-57)?
36
Let v(m) = -3*m**2 + 8*m + 250. Calculate v(12).
-86
Let w(s) = -18*s - 531. Give w(-29).
-9
Let b(q) = 3*q**2 - 77*q + 344. Calculate b(6).
-10
Let n(m) = -21*m - 307. Determine n(-8).
-139
Let a(r) = -319*r - 2250. Calculate a(-7).
-17
Let y(t) = -7*t**3 + 17*t**2 - 2*t + 4. Calculate y(2).
12
Let c(s) = s**3 - 75*s**2 - 145*s - 704. Calculate c(77).
-11
Let q(k) = 2*k**2 + 31*k - 5. Calculate q(-22).
281
Let a(d) = -d**2 - 37*d - 185. Determine a(-4).
-53
Let l(a) = -a**3 + 8*a**2 + 35*a + 15. What is l(11)?
37
Let c(h) = -2*h**2 + 68*h - 381. What is c(27)?
-3
Let c(k) = k**2 - 9*k - 36. What is c(0)?
-36
Let l(w) = 279*w + 5346. What is l(-19)?
45
Let u(i) = -i**2 - 140*i - 4581. Give u(-88).
-5
Let z(n) = 6*n**2 - 85*n - 190. Calculate z(-2).
4
Let f(n) = -5*n**3 + 208*n**2 + 94*n - 440. What is f(42)?
-20
Let y(r) = r**3 - 23*r**2 - 470*r + 10816. What is y(23)?
6
Let t(v) = 3*v**3 + 113*v**2 - 18*v + 59. Determine t(-38).
-701
Let k(u) = -19*u + 186. Calculate k(6).
72
Let y(f) = f**3 - 40*f**2 + 253*f - 15. Determine y(6).
279
Let p(v) = -177*v + 2040. Determine p(12).
-84
Let d(i) = -24*i + 141. Determine d(10).
-99
Let g(s) = s**2 + 3198*s + 28687. Give g(-9).
-14
Let k(q) = -168*q - 2174. What is k(-13)?
10
Let j(u) = -u**2 - 10*u - 2. What is j(-14)?
-58
Let o(a) = -6*a**3 + 32*a**2 - 8*a + 4. What is o(6)?
-188
Let o(x) = 591*x + 10045. What is o(-17)?
-2
Let h(n) = 12540*n + 288421. What is h(-23)?
1
Let x(f) = 557*f + 2224. Calculate x(-4).
-4
Let x(i) = -3*i**2 + 265*i - 5193. What is x(59)?
-1
Let a(n) = -193*n + 596. What is a(3)?
17
Let f(i) = 19*i**2 + 129*i + 122. Give f(-1).
12
Let u(d) = 85*d - 1061. Determine u(9).
-296
Let h(a) = 2*a**2 + 3650*a - 14609. Calculate h(4).
23
Let k(d) = 13*d**3 - 3*d**2 + 3*d. What is k(2)?
98
Let q(y) = -23*y**3 + 13*y**2 + 185*y - 199. Determine q(1).
-24
Let w(h) = -h**3 + 14*h**2 - 26*h - 176. Determine w(9).
-5
Let z(r) = -r**2 - 301*r - 6639. What is z(-24)?
9
Let l(a) = 5782*a - 190808. Give l(33).
-2
Let g(y) = 8*y**2 - 613*y - 236. Give g(77).
-5
Let f(r) = -1456*r + 5836. Determine f(4).
12
Let v(p) = -632*p**2 - 4417*p + 46. Give v(-7).
-3
Let v(p) = -15*p**3 + 119*p**2 + 9*p - 19. Give v(8).
-11
Let x(o) = o**3 - 33*o**2 + 61*o + 60. Give x(31).
29
Let j(a) = -a**3 + 33*a**2 + 107*a - 29. Calculate j(36).
-65
Let x(h) = -3*h**3 + 4*h**2 + 35*h - 114. Determine x(3).
-54
Let b(p) = -p**3 - 2*p**2 + 90*p - 257. Calculate b(6).
-5
Let v(h) = h**3 - 4*h**2 + 2. Determine v(3).
-7
Let n(s) = 2*s**3 - 2*s**2 - 42*s - 22. Give n(-3).
32
Let g(z) = -26*z + 314. Calculate g(11).
28
Let w(i) = i**3 - 5*i**2 - 10*i + 28. Calculate w(6).
4
Let y(h) = -h**2 + 129*h + 1100. Calculate y(-8).
4
Let m(o) = -22*o**2 - 110*o - 10. Give m(-5).
-10
Let z(v) = 18*v - 1. Give z(-2).
-37
Let w(p) = -p**3 + 99*p**2 + 613*p - 9. What is w(-6)?
93
Let g(p) = 211*p + 3182. What is g(-15)?
17
Let i(c) = c**3 + 2*c**2 + 14*c + 87. What is i(-4)?
-1
Let i(b) = b**3 + 3*b**2 - 2*b + 6. Give i(0).
6
Let a(g) = -2*g**2 + 11*g + 211. What is a(-11)?
-152
Let p(h) = -h**2 - 29*h - 138. Calculate p(-24).
-18
Let j(z) = 51*z - 2227. Determine j(43).
-34
Let j(b) = -411*b + 2151. Give j(5).
96
Let y(v) = -4*v**3 + v**2 + 32*v - 50. Calculate y(-5).
315
Let h(y) = -y**2 + 48*y + 443. Determine h(-8).
-5
Let k(l) = 2*l**3 - 4*l**2 - 41*l - 58. What is k(-3)?
-25
Let n(p) = -4*p**2 - 9*p - 1. Determine n(0).
-1
Let h(m) = -168*m - 1175. What is h(-7)?
1
Let x(j) = -92*j + 2484. Determine x(27).
0
Let s(j) = -j**3 - 47*j**2 + 155*j + 276. Give s(-50).
26
Let y(g) = -218*g + 19143. Calculate y(88).
-41
Let d(t) = -3*t**3 - 72*t**2 - 90*t - 471. Give d(-23).
12
Let l(v) = -20*v - 261. Calculate l(-11).
-41
Let x(t) = 1432*t + 11435. Calculate x(-8).
-21
Let a(v) = 9*v**2 - 46*v - 347. Give a(9).
-32
Let s(d) = -16*d - 215. What is s(-12)?
-23
Let a(v) = v**3 - 20*v**2 + 26*v - 99. What is a(19)?
34
Let w(r) = 3*r**2 - 3*r - 7. Calculate w(-12).
461
Let g(j) = -7*j**3 - 105*j**2 - 178*j + 29. Determine g(-13).
-23
Let c(i) = 61*i - 731. Give c(11).
-60
Let f(j) = j**2 - 48*j + 70. What is f(45)?
-65
Let d(s) = s**2 + 62*s - 2764. What is d(30)?
-4
Let y(p) = -15*p**2 + 43*p - 82. What is y(3)?
-88
Let f(x) = 38*x + 1791. Give f(-50).
-109
Let w(d) = -4*d**2 - 335*d - 333. Give w(-1).
-2
Let j(c) = -c**3 + 44*c**2 - 488*c + 251. Give j(19).
4
Let q(f) = 2*f**2 - 887*f + 30812. Determine q(38).
-6
Let t(i) = -2*i**3 + 43*i**2 + 18*i + 57. What is t(22)?
-31
Let q(h) = 66*h + 11. What is q(-3)?
-187
Let q(h) = -3*h**2 - 337*h + 567. Calculate q(-114).
-3
Let u(v) = -5*v + 263. Give u(29).
118
Let g(i) = -i**3 + 120*i**2 - 1309*i + 1415. Give g(108).
11
Let z(a) = -a**3 + 116*a**2 - 119*a + 465. What is z(115)?
5
Let t(u) = -236*u - 1646. Calculate t(-7).
6
Let o(j) = -324*j**2 + 1298*j - 3. What is o(4)?
5
Let w(a) = -5*a**2 + 4*a + 17. Determine w(-2).
-11
Let c(u) = -7*u**2 + 294*u + 594. Determine c(-2).
-22
Let t(m) = m**2 - 6*m - 89. What is t(-12)?
127
Let n(x) = 2*x**2 - 64*x + 356. Determine n(25).
6
Let g(p) = 299*p - 1792. Determine g(6).
2
Let w(g) = -g**2 + 29*g + 224. What is w(-10)?
-166
Let q(r) = -10*r**3 + 4*r**2 + r - 17. Give q(2).
-79
Let v(l) = -2*l**3 + 148*l**2 - 160*l + 1016. Determine v(73).
-6
Let a(g) = -g**2 + 61*g - 190. Calculate a(60).
-130
Let h(r) = -r**2 + 10*r - 5. Give h(5).
20
Let c(f) = f**3 - 50*f**2 - 3*f - 2442. Calculate c(51).
6
Let s(k) = -k**3 - 26*k**2 + 16*k - 8. What is s(-26)?
-424
Let p(x) = -253*x - 1650. Calculate p(-10).
880
Let o(m) = m**3 - 14*m**2 - 25*m + 55. Determine o(15).
-95
Let u(d) = -d**3 - 64*d**2 - 660*d + 159. What is u(-51)?
6
Let h(s) = -2*s**3 - 7*s**2 - 5*s + 3. Give h(-4).
39
Let o(j) = 5*j**2 - 207*j - 130. Give o(41).
-212
Let a(y) = -y**3 - 46*y**2 - 134*y - 242. Calculate a(-43).